{"id":2507,"date":"2025-01-30T14:11:44","date_gmt":"2025-01-30T14:11:44","guid":{"rendered":"https:\/\/simplymassage.ro\/?page_id=2507"},"modified":"2026-01-12T20:13:40","modified_gmt":"2026-01-12T18:13:40","slug":"signature","status":"publish","type":"page","link":"https:\/\/simplymassage.ro\/index.php\/signature\/","title":{"rendered":"Signature"},"content":{"rendered":"<div class=\"wpb-content-wrapper\"><p>[vc_row][vc_column][vc_single_image image=&#8221;2509&#8243; img_size=&#8221;full&#8221; alignment=&#8221;center&#8221;][\/vc_column][\/vc_row][vc_row][vc_column][vc_column_text]<\/p>\n<h3><strong>Masajul <em>Signature<\/em><\/strong><\/h3>\n<p>&nbsp;<\/p>\n<p><strong>Masajul Sub Semn\u0103tur\u0103<\/strong> &#8211; <em>Un Ritual Unic de Relaxare \u0219i Revitalizare<\/em><\/p>\n<p>\u00cen\u021belegem c\u0103 fiecare persoan\u0103 are nevoi diferite atunci c\u00e2nd vine vorba de masajul perfect, motiv pentru care am creat <em>Masajul sub Semn\u0103tur\u0103<\/em>. A\u0219a cum sugereaz\u0103 \u0219i numele, acest masaj este unic \u0219i personalizat, creat de terapeut ca un r\u0103sf\u0103\u021b complet pentru trup, minte \u0219i suflet. Fiecare detaliu este g\u00e2ndit pentru a \u00ee\u021bi oferi o experien\u021b\u0103 \u00een care toate sim\u021burile tale vibreaz\u0103 \u00een armonie, conduc\u00e2ndu-te c\u0103tre o stare profund\u0103 de fericire.<\/p>\n<p>Masajul sub Semn\u0103tur\u0103 nu doar c\u0103 te ajut\u0103 s\u0103 ajungi \u00eentr-o stare de calm \u0219i echilibru interior, dar este \u0219i un mijloc eficient de eliberare a emo\u021biilor \u0219i energiilor stagnante. \u00centr-un ambient relaxant, cu muzic\u0103 lin\u0103 \u0219i arome subtile ce plutesc \u00een aer, fiecare mi\u0219care este o adev\u0103rat\u0103 experien\u021b\u0103 personal\u0103. Te va ajuta s\u0103 \u00ee\u021bi redob\u00e2nde\u0219ti energia \u0219i s\u0103 te sim\u021bi complet revitalizat.<\/p>\n<p>Terapia \u00eencepe cu mi\u0219c\u0103ri fluide \u0219i relaxante care detensioneaz\u0103 mu\u0219chii, elibereaz\u0103 stresul acumulat \u0219i te introduc \u00eentr-o stare profund\u0103 de relaxare. Fiecare atingere este conceput\u0103 pentru a-\u021bi readuce echilibrul \u0219i vitalitatea, \u00eentr-un mediu dedicat st\u0103rii tale de bine. Trecem prin mai multe stiluri de masaj combinate dar si elemente surpriz\u0103.<\/p>\n<p>&nbsp;<\/p>\n<ul>\n<li><strong>Face Yoga \u2013 Masajul de Relaxare \u0219i \u00cenfrumuse\u021bare al Fe\u021bei (10 min.)<\/strong><br \/>\nAcest masaj facial nu doar c\u0103 \u00eembun\u0103t\u0103\u021be\u0219te s\u0103n\u0103tatea \u0219i aspectul pielii, dar ajut\u0103 semnificativ la reducerea stresului \u0219i \u00eembun\u0103t\u0103\u021birea st\u0103rii de spirit. Beneficiile sale se resimt nu doar asupra fe\u021bei, ci \u0219i asupra \u00eentregului corp, diminu\u00e2nd stresul fizic, emo\u021bional \u0219i intelectual. De asemenea, contribuie la \u00eembun\u0103t\u0103\u021birea somnului \u0219i \u00eent\u0103rirea sistemului imunitar.<\/li>\n<li><strong>Masajul Spatelui (20 min.)<\/strong><br \/>\nRitmul lent \u0219i constant al mi\u0219c\u0103rilor se \u00eemplete\u0219te perfect cu aromele uleiurilor esen\u021biale naturale \u0219i o linie melodic\u0103 pl\u0103cut\u0103, oferindu-\u021bi o c\u0103l\u0103torie spre Sinele t\u0103u Superior, sursa echilibrului, energiei \u0219i bun\u0103st\u0103rii tale. Acest masaj ajut\u0103 la detensionarea mu\u0219chilor \u0219i a articula\u021biilor \u0219i promoveaz\u0103 o stare de relaxare profund\u0103.<\/li>\n<li><strong>Masajul Relaxant al Scalpului (15 min.)<\/strong><br \/>\nUn scalp s\u0103n\u0103tos aduce beneficii min\u021bii \u0219i corpului. Acest masaj se concentreaz\u0103 pe zona cranian\u0103 \u0219i cervical\u0103, ajut\u00e2nd la reducerea efectelor negative ale stresului intelectual sau emo\u021bional, precum cefaleea, durerile de ochi, tensiunile de la nivelul coloanei cervicale \u0219i insomnia. El induce o stare de relaxare profund\u0103 \u0219i confort.<\/li>\n<li><strong>Masajul Relaxant al Talpilor (15 min.)<\/strong><br \/>\nT\u0103lpile sunt poarta de acces c\u0103tre \u00eentregul corp. Un masaj al talpilor, mai ales dup\u0103 o zi lung\u0103 \u0219i obositoare, ajut\u0103 la combaterea oboselii \u0219i red\u0103 vitalitatea picioarelor. Este o metod\u0103 eficient\u0103 de revitalizare a \u00eentregului corp.<\/li>\n<li><strong>Masaj cu Pietre Vulcanice (20 min.)<\/strong><br \/>\nAcest tip de masaj cu pietre vulcanice netede \u0219i \u00eenc\u0103lzite ajut\u0103 la echilibrarea energetic\u0103 a corpului \u0219i la detoxifierea acestuia. Pe l\u00e2ng\u0103 relaxare, aduce \u0219i o stare de calm profund, stimul\u00e2nd creativitatea \u0219i armonia pe termen lung.<\/li>\n<li><strong>Masaj cu Be\u021be \u0219i M\u0103turi de Bambus (10 min.)<\/strong><br \/>\n\u00cencheie acest ritual de relaxare cu un masaj inovativ cu m\u0103turi de bambus, care \u00ee\u021bi va stimula circula\u021bia \u0219i revigora pielea, l\u0103s\u00e2ndu-te cu o senza\u021bie de u\u0219urin\u021b\u0103 \u0219i vitalitate.<\/li>\n<\/ul>\n<p><strong>Beneficiile unice ale masajului sub Semn\u0103tur\u0103:<\/strong><\/p>\n<ul>\n<li>Stare general\u0103 de bine<\/li>\n<li>Lini\u0219te \u0219i pace interioar\u0103<\/li>\n<li>Echilibrarea \u00eentregii fiin\u021be (corp, c\u00e2mpuri \u0219i structuri energetice)<\/li>\n<li>Revitalizare<\/li>\n<li>Armonizarea chakrelor (centre energetice)<\/li>\n<li>Relaxarea corpului fizic \u0219i a mu\u0219chilor<\/li>\n<li>Reechilibrare \u0219i reenergizare<\/li>\n<\/ul>\n<p>&nbsp;<\/p>\n<p style=\"text-align: center;\"><em>\u00cen timpul \u0219i dup\u0103 terapie, te vei sim\u021bi revitalizat\u0103, conectat\u0103 \u0219i fericit\u0103. <\/em><\/p>\n<p style=\"text-align: center;\"><em>Ofer\u0103-\u021bi un r\u0103sf\u0103\u021b absolut, unde frumuse\u021bea \u0219i relaxarea se \u00eent\u00e2lnesc \u00eentr-un ritual perfect, iar toate sim\u021burile tale vor vibra la unison \u00eentr-o stare de pur\u0103 fericire.<\/em><\/p>\n<p>&nbsp;<\/p>\n<p style=\"text-align: center;\"><strong>Acest cumul de stiluri \u0219i tehnici de masaj poart\u0103 semn\u0103tura mea,<\/strong><\/p>\n<p style=\"text-align: center;\"><strong>\u00a0<\/strong><strong>Loredana \u2013 Mihaela Afrasinei<\/strong><\/p>\n<p>&nbsp;<\/p>\n<p style=\"text-align: center;\"><strong>\u00a0 \u00a0 \u00a0 \u00a0 \u00a0 \u00a0 \u00a0 \u00a0 \u00a0Durata: 90 minute.\u00a0 \u00a0 \u00a0 \u00a0 \u00a0 \u00a0 \u00a0 \u00a0 \u00a0 \u00a0 \u00a0 \u00a0 \u00a0 \u00a0 \u00a0 \u00a0 \u00a0 \u00a0 \u00a0 \u00a0 \u00a0 \u00a0 \u00a0 \u00a0 \u00a0 \u00a0 \u00a0 \u00a0 \u00a0 \u00a0 \u00a0 \u00a0 \u00a0 \u00a0 \u00a0 \u00a0 \u00a0 \u00a0 \u00a0 \u00a0 \u00a0 \u00a0 \u00a0 \u00a0 \u00a0 \u00a0 \u00a0 \u00a0 \u00a0 \u00a0 \u00a0 \u00a0 \u00a0 \u00a0 \u00a0 \u00a0 \u00a0 \u00a0 \u00a0 \u00a0 \u00a0 \u00a0 \u00a0 \u00a0 \u00a0 \u00a0 \u00a0 \u00a0Tarif: 450 lei.<\/strong><\/p>\n<p>[\/vc_column_text][\/vc_column][\/vc_row]<\/p>\n<\/div>","protected":false},"excerpt":{"rendered":"<p>[vc_row][vc_column][vc_single_image image=&#8221;2509&#8243; img_size=&#8221;full&#8221; alignment=&#8221;center&#8221;][\/vc_column][\/vc_row][vc_row][vc_column][vc_column_text] Masajul Signature &nbsp; Masajul Sub Semn\u0103tur\u0103 &#8211; Un Ritual Unic de Relaxare \u0219i Revitalizare \u00cen\u021belegem c\u0103 fiecare persoan\u0103 are nevoi diferite atunci c\u00e2nd vine vorba de masajul perfect, motiv pentru care am creat Masajul sub Semn\u0103tur\u0103. A\u0219a cum sugereaz\u0103 \u0219i numele, acest masaj este unic \u0219i personalizat, creat de terapeut ca [&hellip;]<\/p>\n","protected":false},"author":1,"featured_media":0,"parent":0,"menu_order":0,"comment_status":"closed","ping_status":"closed","template":"","meta":{"_glsr_average":0,"_glsr_ranking":0,"_glsr_reviews":0,"footnotes":""},"class_list":["post-2507","page","type-page","status-publish","hentry"],"_links":{"self":[{"href":"https:\/\/simplymassage.ro\/index.php\/wp-json\/wp\/v2\/pages\/2507","targetHints":{"allow":["GET"]}}],"collection":[{"href":"https:\/\/simplymassage.ro\/index.php\/wp-json\/wp\/v2\/pages"}],"about":[{"href":"https:\/\/simplymassage.ro\/index.php\/wp-json\/wp\/v2\/types\/page"}],"author":[{"embeddable":true,"href":"https:\/\/simplymassage.ro\/index.php\/wp-json\/wp\/v2\/users\/1"}],"replies":[{"embeddable":true,"href":"https:\/\/simplymassage.ro\/index.php\/wp-json\/wp\/v2\/comments?post=2507"}],"version-history":[{"count":20,"href":"https:\/\/simplymassage.ro\/index.php\/wp-json\/wp\/v2\/pages\/2507\/revisions"}],"predecessor-version":[{"id":2730,"href":"https:\/\/simplymassage.ro\/index.php\/wp-json\/wp\/v2\/pages\/2507\/revisions\/2730"}],"wp:attachment":[{"href":"https:\/\/simplymassage.ro\/index.php\/wp-json\/wp\/v2\/media?parent=2507"}],"curies":[{"name":"wp","href":"https:\/\/api.w.org\/{rel}","templated":true}]}}